3, 479
List the prime factors of 2265692625.
3, 5, 7, 23, 1787
List the prime factors of 63915648.
2, 3, 17, 9791
What are the prime factors of 391002503?
107, 1801, 2029
List the prime factors of 326626288.
2, 151, 135193
What are the prime factors of 76925422?
2, 7, 149, 36877
What are the prime factors of 761535973?
11, 1117, 61979
What are the prime factors of 354772164?
2, 3, 4639, 6373
List the prime factors of 1009038036.
2, 3, 179, 469757
List the prime factors of 158018733.
3, 307, 57191
What are the prime factors of 311306814?
2, 3, 7, 13, 7039
What are the prime factors of 7596559?
103, 131, 563
What are the prime factors of 28457178?
2, 3, 29, 67, 2441
What are the prime factors of 1191034563?
3, 5779, 68699
What are the prime factors of 565844091?
3, 23, 1621, 5059
What are the prime factors of 181994644?
2, 13, 3499897
List the prime factors of 322078659.
3, 7, 15337079
What are the prime factors of 523649782?
2, 261824891
What are the prime factors of 549492029?
29, 18948001
List the prime factors of 50686939.
50686939
List the prime factors of 240134030.
2, 5, 23, 67, 15583
What are the prime factors of 13682979?
3, 229, 2213
List the prime factors of 1150721648.
2, 23, 3126961
What are the prime factors of 1100603817?
3, 17, 151, 47639
What are the prime factors of 61940428?
2, 11, 67, 21011
What are the prime factors of 307749838?
2, 11, 13988629
What are the prime factors of 82040421?
3, 191, 143177
What are the prime factors of 223588152?
2, 3, 23, 135017
What are the prime factors of 41926920?
2, 3, 5, 7, 19, 37, 71
What are the prime factors of 123521341?
131, 641, 1471
List the prime factors of 190876427.
7, 27268061
What are the prime factors of 897284776?
2, 112160597
What are the prime factors of 1702898922?
2, 3, 283816487
List the prime factors of 213880784.
2, 13, 1028273
What are the prime factors of 2269820?
2, 5, 7, 31, 523
What are the prime factors of 1227617744?
2, 76726109
What are the prime factors of 24486283?
23, 229, 4649
List the prime factors of 634596648.
2, 3, 7, 127, 607
What are the prime factors of 103852392?
2, 3, 7, 491, 1259
List the prime factors of 609790461.
3, 7, 29037641
What are the prime factors of 361326458?
2, 19, 23, 413417
What are the prime factors of 33969047?
7, 643, 7547
List the prime factors of 26902489.
2267, 11867
What are the prime factors of 13004337?
3, 17, 254987
What are the prime factors of 29730300?
2, 3, 5, 113, 877
List the prime factors of 1819093843.
7, 259870549
What are the prime factors of 386127385?
5, 7, 151, 73061
What are the prime factors of 316626072?
2, 3, 7, 1884679
What are the prime factors of 213121007?
11, 61, 317617
List the prime factors of 205064025.
3, 5, 2734187
What are the prime factors of 87114844?
2, 401, 54311
List the prime factors of 41827024.
2, 79, 33091
List the prime factors of 2080101695.
5, 7, 317, 26783
List the prime factors of 6393825760.
2, 5, 7, 815539
What are the prime factors of 550380410?
2, 5, 19, 2896739
What are the prime factors of 1899730906?
2, 949865453
What are the prime factors of 3123946690?
2, 5, 17, 67, 274271
What are the prime factors of 1074708694?
2, 537354347
List the prime factors of 525246549.
3, 175082183
What are the prime factors of 691707322?
2, 17, 20344333
List the prime factors of 445769236.
2, 11, 197, 51427
List the prime factors of 248396307.
3, 82798769
What are the prime factors of 140021479?
13, 10770883
What are the prime factors of 53853190?
2, 5, 5385319
List the prime factors of 2905585164.
2, 3, 43, 43651
What are the prime factors of 8048095408?
2, 503005963
List the prime factors of 1005184794.
2, 3, 3691, 45389
List the prime factors of 7930088881.
11, 13, 19, 109, 26777
What are the prime factors of 1312791870?
2, 3, 5, 13, 3366133
What are the prime factors of 348597720?
2, 3, 5, 37, 26171
List the prime factors of 266224859.
266224859
What are the prime factors of 118007406?
2, 3, 11, 151, 3947
What are the prime factors of 10969455?
3, 5, 7, 104471
What are the prime factors of 7676661921?
3, 2558887307
List the prime factors of 109391598.
2, 3, 6077311
What are the prime factors of 65325550?
2, 5, 311, 4201
List the prime factors of 84866456.
2, 37, 286711
List the prime factors of 257712184.
2, 32214023
List the prime factors of 41588223.
3, 13862741
What are the prime factors of 741072015?
3, 5, 16468267
List the prime factors of 20275077.
3, 181, 37339
What are the prime factors of 1245467378?
2, 61, 10208749
List the prime factors of 168405096.
2, 3, 7016879
What are the prime factors of 41509338?
2, 3, 13, 19, 37, 757
What are the prime factors of 164558734?
2, 19, 4330493
What are the prime factors of 1490532146?
2, 229, 3254437
What are the prime factors of 7625903?
23, 131, 2531
List the prime factors of 308487855.
3, 5, 13, 269, 5881
What are the prime factors of 1530971049?
3, 510323683
List the prime factors of 30279069.
3, 1121447
List the prime factors of 332921122.
2, 166460561
What are the prime factors of 17300573?
31, 558083
List the prime factors of 319008616.
2, 39876077
What are the prime factors of 54059891?
54059891
What are the prime factors of 136361679?
3, 167, 272179
What are the prime factors of 1810993167?
3, 67073821
List the prime factors of 485447904.
2, 3, 163, 383
List the prime factors of 180693099.
3, 461, 1613
List the prime factors of 3395848584.
2, 3, 1861, 76031
What are the prime factors of 1057995849?
3, 2741, 128663
List the prime factors of 199296066.
2, 3, 17, 113, 17291
What are the prime factors of 361701475?
5, 191, 211, 359
List the prime factors of 311361014.
2, 727, 214141
What are the prime factors of 1347437930?
2, 5, 151, 743, 1201
What are the prime factors of 14548183?
13, 1119091
What are the prime factors of 4145548052?
2, 1036387013
List the prime factors of 2848555931.
13, 31, 47, 59, 2549
List the prime factors of 1759598668.
2, 17, 887, 29173
List the prime factors of 11648896.
2, 7, 13001
List the prime factors of 19252473.
3, 137, 139, 337
List the prime factors of 10140091.
13, 19, 61, 673
What are the prime factors of 579182879?
11, 52652989
What are the prime factors of 808223809?
17, 127, 374351
What are the prime factors of 316374712?
2, 1747, 22637
List the prime factors of 3975416.
2, 17, 29231
List the prime factors of 179991190.
2, 5, 17999119
What are the prime factors of 193859490?
2, 3, 5, 11, 29, 47, 431
What are the prime factors of 131107845?
3, 5, 11, 794593
List the prime factors of 356741246.
2, 41, 4350503
What are the prime factors of 446290832?
2, 13, 2145629
What are the prime factors of 2838197480?
2, 5, 37, 269, 7129
List the prime factors of 12528902.
2, 1307, 4793
What are the prime factors of 1084565143?
1084565143
List the prime factors of 4954757005.
5, 11, 8189681
What are the prime factors of 49601205?
3, 5, 1102249
What are the prime factors of 76149494?
2, 17, 47, 47653
What are the prime factors of 1817897586?
2, 3, 101, 2999831
List the prime factors of 19017844.
2, 449, 10589
What are the prime factors of 987078293?
17, 929, 62501
List the prime factors of 1317256115.
5, 7, 23, 1636343
What are the prime factors of 32145695?
5, 6429139
List the prime factors of 36641234.
2, 7, 19, 139, 991
List the prime factors of 297194285.
5, 43, 71, 19469
What are the prime factors of 102838390?
2, 5, 331, 31069
List the prime factors of 194747506.
2, 97373753
What are the prime factors of 17399882?
2, 1021, 8521
What are the prime factors of 266003342?
2, 11, 12091061
List the prime factors of 79232457.
3, 59, 447641
List the prime factors of 1323970614.
2, 3, 239, 241, 1277
What are the prime factors of 1235027476?
2, 31, 9959899
List the prime factors of 681899303.
19, 1049, 34213
List the prime factors of 938916998.
2, 571, 822169
List the prime factors of 1523264001.
3, 7, 61, 1189121
List the prime factors of 117450406.
2, 29, 79, 25633
List the prime factors of 584647880.
2, 5, 541, 27017
What are the prime factors of 21336223?
21336223
List the prime factors of 295094400.
2, 3, 5, 59, 521
What are the prime factors of 400294856?
2, 13, 127, 30307
What are the prime factors of 36668792?
2, 53, 197, 439
List the prime factors of 83374592.
2, 7, 43, 541
List the prime factors of 628576